 + 93. What is the tens digit of (o/10)/((1/30)/1)?
3
Let i be (2/3)/((-3)/(-9)). Let l(t) = -i*t**2 - 3*t - t**3 - 8 - 8*t**2 - 5. What is the units digit of l(-10)?
7
Suppose -v + 3*v + 160 = 3*u, -5*v - 166 = -3*u. Suppose 4*t = 5*k + u, 2*t = -2*k - 2*k + 52. What is the tens digit of t?
1
Suppose 41*o - 4402 = 10*o. What is the tens digit of o?
4
Let b(j) = -j**3 - j. Let k(u) = u - 8. Let z be k(8). Let m be b(z). Suppose -4*a = -m*a - 152. What is the units digit of a?
8
Let r = -20 + 6. Let f = r + 4. What is the units digit of 20/(-8)*4/f?
1
Let b = -1952 + 3365. What is the thousands digit of b?
1
Suppose 2*r + 6 = 2, 3*r + 64 = 2*c. What is the tens digit of c?
2
Suppose 3*q = -i - 4, 3*i - 23 = -q - q. Let r = 57 - i. What is the units digit of r?
6
Let s(g) = g**3 + 10*g**2 - 12*g + 24. Let y(b) = -2*b + 5. Let a be y(8). What is the units digit of s(a)?
5
Let a(y) = -259*y - 21. What is the hundreds digit of a(-6)?
5
Suppose 0 = 37*j - 32*j + 1040. Let r = -117 - j. What is the units digit of r?
1
Let q(y) = -y**3 - 7*y**2 + 7*y - 6. Let s be q(-8). Suppose -4*o + 18 = -s. Suppose -o*p - 27 = -182. What is the tens digit of p?
3
Suppose -r - 14*n + 1684 = -11*n, -4*n - 5052 = -3*r. What is the hundreds digit of r?
6
Let b(d) = -d**2 + 7*d - 3. Let q be b(6). What is the tens digit of ((-186)/(-3 - q))/((-2)/(-6))?
9
Let a = -136 - -142. Suppose a*o - 45 = -3*o. What is the units digit of o?
5
Let u be 4 + -3 + (-6 - 3). Let v(m) = m**2 + 2*m - 2. What is the units digit of v(u)?
6
Let h be (2 - 0 - -2)*1. Suppose 3*y = 5*y - h. Suppose y*k = -4*j - 10, -k + 35 = k - 5*j. What is the units digit of k?
5
Let v(b) = 68*b + 229. What is the tens digit of v(11)?
7
Suppose 2*d - f - 7 = -0, d - 2*f = 5. Suppose -4*i - 3*h + 7 = 0, d*h - 5 = -10*i + 5*i. What is the units digit of (1/(-3))/(i/132)?
2
Let q(z) = -z**3 - 5*z**2 - 3*z - 3. Suppose -10 = 2*u - 0. Let y be q(u). Let a = y + 8. What is the units digit of a?
0
Let b be (8/(-6))/((-20)/30). Let a = b - 2. Suppose a = -4*t + 2*t + 22. What is the tens digit of t?
1
Suppose r + 1387 = y, 5*y - 6534 = 4*r + 397. What is the thousands digit of y?
1
Let l = -107 + 215. Suppose -3*g = -10 + 4. Suppose i = g, -4*z + l = -6*i + 2*i. What is the tens digit of z?
2
Suppose 0 = y, 0 = w - 3*y - 42 - 18. Let b = w - 35. Let l = b - 20. What is the units digit of l?
5
Let u be 12/(-8)*(-1 + 82 + -1). Let i = 52 - u. What is the tens digit of i?
7
Let w(p) = 1. Let z(c) = -34*c. Let g(v) = 6*w(v) + 2*z(v). Let n be g(-3). Suppose -6*a - n = -5*u - 4*a, 210 = 5*u + 5*a. What is the tens digit of u?
4
Suppose 5*y - 35 = 5*w, -3*w + 4*y + 4 - 24 = 0. Let s(o) = -3*o - 4. Let i be s(w). Suppose -5*q + i + 40 = 0. What is the units digit of q?
2
Let v(s) be the third derivative of -5*s**4/12 - 9*s**3/2 + 5*s**2. What is the units digit of v(-11)?
3
What is the tens digit of (0 + -2 - -18)/(5/110)?
5
Let p(q) be the third derivative of -q**6/120 + q**5/30 - q**4/12 - q**3/6 + 4*q**2. Let m be p(0). What is the units digit of m/((4/(-188))/1)?
7
Let t(v) = -v**2 + 16*v - 8. Let p be (2/2)/((-9)/(-18)). Suppose -5*s - 6*c = -c - 45, 4*s = -p*c + 30. What is the tens digit of t(s)?
5
Suppose 3*r - 2*c - 2*c = -16, 3 = r - 3*c. Let j(g) = g**2 + 12*g. Let v be j(r). Let n(a) = a**3 - a**2 + a + 18. What is the units digit of n(v)?
8
Suppose 2*m = 7*m + 15, -5*m = -2*a + 13. Let w(o) = 56*o**2 - 3*o - 3. What is the tens digit of w(a)?
5
Let t(v) = -4*v - 19. Let x be t(-4). What is the tens digit of 1/x + (-1192)/(-12)?
9
Let l(y) = 3*y + 3 - 5*y**2 + 6*y + 4*y**2. Let t be l(9). What is the units digit of t - 4/(-8)*4?
5
Let w be -1 + (-90)/(-2) + 0. Suppose -5*t + 144 = w. What is the units digit of t?
0
Let o(d) = 6*d - 3 - 151*d**2 - 5*d + 5*d**3 + 153*d**2. What is the units digit of o(2)?
7
Let g be (-36)/(-14) - (-75)/175. What is the tens digit of 26*(-1)/g*15/(-2)?
6
Let p = 18 - 13. Suppose 2*l - 4 = -l + p*b, -b = -1. What is the units digit of l?
3
Let u = 45 + -49. What is the units digit of 290/u*(-5)/(50/8)?
8
Let j = -38 + 65. Suppose -j*d + 396 = -23*d. What is the units digit of d?
9
Let c(b) = 2*b**3 - 13*b**2 + 7*b - 3. Let d be c(6). Suppose d*g = 6*g - 237. What is the tens digit of g?
7
Let q(f) = 11*f**2 - 16*f - 54. What is the tens digit of q(8)?
2
What is the tens digit of 2*3/((-21)/(-8113))?
1
Let d = -24 + 32. What is the units digit of ((-4)/d)/(3/(-708))?
8
Suppose -42*t + 90274 = -19934. What is the thousands digit of t?
2
Let t be (27 - -2) + -2 - -1. Suppose -t*g + 540 = -18*g. What is the units digit of g?
4
Let u be 1 + -3 - 16/2. Let d(v) = 1 - v + 3*v + 4*v + v**2 - 17. What is the units digit of d(u)?
4
Let i(u) be the third derivative of -13*u**4/24 - 23*u**3/6 - u**2. What is the units digit of i(-7)?
8
Let z = 9 + 19. Suppose -u - u + z = 0. Suppose 4*c = -5*k + 2*c + 18, -3*k + 2*c + u = 0. What is the units digit of k?
4
Suppose 40 = -5*z + 5*j, 0 = -2*z + 6*z - j + 17. What is the units digit of -84*((-5)/(-2) + z)?
2
Let b be ((-5)/10)/(2/(-924)). Suppose -10*s + 1141 = b. What is the units digit of s?
1
Let c be 1 - (-1 - (-24 + 1)). Suppose -7*q + 4*q + 42 = 0. Let t = q - c. What is the tens digit of t?
3
Suppose 9*a = 4*a - 790. Let i = -113 - a. What is the units digit of i?
5
What is the tens digit of 1/(5/10*(-4)/(-92))?
4
Suppose 0 = f + 3*p - 62, -2*f - 87 = 3*p - 220. Suppose 2*o - o - f = 0. What is the tens digit of o?
7
Let h = -2050 - -3437. What is the thousands digit of h?
1
Let j(k) = -8*k - 2. Let z be j(5). Let y be 712/16*(1 + 1). Let r = y + z. What is the tens digit of r?
4
Let b(a) = -2*a**2 + 6*a. Let v(j) = 10*j**2 - 31*j + 1. Let o be -1 + -1*(-5)/(-5). Let c(r) = o*v(r) - 11*b(r). What is the units digit of c(5)?
8
Suppose 27 = 2*s + 9. Let m(v) = 4*v - 5. What is the tens digit of m(s)?
3
Let m be (3/1)/9*0. Let t(l) = 7*l + 91. What is the tens digit of t(m)?
9
Suppose -g - 4*u + 0*u + 36 = 0, -g - 5*u = -40. Suppose -4*a - 30 = -a. Let t = g - a. What is the units digit of t?
0
Let s(z) = 3*z**2 + 78*z - 75. What is the hundreds digit of s(-33)?
6
What is the hundreds digit of (-119263)/(-133)*1 - 2/(-7)?
8
Let a(u) = -u**3 + 8*u**2 + 20*u - 16. What is the hundreds digit of a(6)?
1
Let o = 17 - 13. Suppose -198 = -3*j - o*c + 5*c, 4*j - 269 = 3*c. What is the units digit of j?
5
Suppose -34 = -3*z + 5*j, 0 = z + 4*j - 8*j - 9. Suppose i + z - 59 = 0. Suppose 4*h - i = 6. What is the tens digit of h?
1
Let f = 540 + -321. Suppose -2*k + 85 = 4*t - 207, 3*t - f = -5*k. What is the units digit of t?
3
Suppose -15*h - 465 + 90 = 0. Let f = h + 326. What is the units digit of f?
1
Suppose 150 = -2*p + 5*p. Let z(d) = d**3 + 13*d**2 + 13*d + 14. Let c be z(-12). What is the units digit of c/(5/(p/4))?
5
Suppose 2320 = 140*z - 136*z. What is the hundreds digit of z?
5
Let v(y) = 11 + 9*y - 5*y + 0. What is the units digit of v(4)?
7
Suppose -m - 3381 = -3*q, 1723 = 5*q + 2*m - 3923. What is the tens digit of q?
2
Suppose -480 = -2*p - 2*p. Suppose 43*s = 40*s + p. What is the tens digit of s?
4
Suppose -6*m + 372 = -5*m - 2*u, -1110 = -3*m + 4*u. What is the units digit of m/9 - (-2)/(-3)?
0
Let w = 50 + -28. Suppose 588 = -18*i + w*i. What is the hundreds digit of i?
1
Let n(y) be the first derivative of 2*y**4 + 2*y**3/3 - y + 1. Let g be 3/(-6)*(-12)/6. What is the units digit of n(g)?
9
Let z = 155 + -153. Suppose i + 590 = 2*v + z*v, 3*v - 2*i - 440 = 0. What is the tens digit of v?
4
Let n(b) = -b**3 + 9*b**2 + 15*b - 26. Let a be n(8). Let z = -89 + a. What is the units digit of z?
9
Let o(r) = -r + 1. Let b be o(-1). Suppose b*c - y = 71, -5*c + 3*c + 51 = -5*y. What is the tens digit of c?
3
Let b be 0/(((-2)/(-3))/((-10)/15)). Suppose b = 3*k - 123 + 6. What is the tens digit of k?
3
Let t = 15 + -13. Suppose -t*g = -g - 5. Suppose -z + g*z - 172 = 0. What is the units digit of z?
3
Let t(v) = -127*v + 652. What is the tens digit of t(-22)?
4
Let u(x) = x**2 + 2*x + 2. Let z be u(0). Suppose -258 = -4*h - z*q, 89 - 283 = -3*h - 2*q. What is the units digit of h?
4
Let n be -25*(-4 + 1 - -2). Suppose 6 = -b + n. What is the tens digit of b?
1
Let z(n) be the third derivative of 5*n**4/8 - 2*n**3 + 18*n**2. What is the